6.
2, 24139189
What are the prime factors of 7406326477?
11, 53, 1381, 9199
List the prime factors of 475439128.
2, 19, 3127889
List the prime factors of 34386161.
31, 1109231
List the prime factors of 38727937.
37, 1046701
List the prime factors of 263972348.
2, 65993087
What are the prime factors of 68646686?
2, 167, 205529
List the prime factors of 1249052714.
2, 7, 13, 61, 112507
What are the prime factors of 3062966243?
4153, 737531
List the prime factors of 3340857639.
3, 7, 509, 312551
What are the prime factors of 67043625?
3, 5, 11, 16253
List the prime factors of 410565510.
2, 3, 5, 18773
List the prime factors of 4189580733.
3, 13, 1163, 92369
What are the prime factors of 19377054?
2, 3, 1076503
What are the prime factors of 112271568?
2, 3, 709, 3299
What are the prime factors of 104186591?
17, 6128623
What are the prime factors of 67497802?
2, 33748901
List the prime factors of 695066692.
2, 17, 97, 167, 631
List the prime factors of 461976267.
3, 179, 860291
List the prime factors of 151961881.
229, 663589
What are the prime factors of 12980127?
3, 4326709
What are the prime factors of 36844308?
2, 3, 113717
List the prime factors of 2350422249.
3, 7, 2284181
What are the prime factors of 227219683?
1109, 204887
What are the prime factors of 226207255?
5, 19, 919, 2591
What are the prime factors of 1641239268?
2, 3, 136769939
List the prime factors of 211009738.
2, 83, 127, 10009
What are the prime factors of 6320705381?
61, 1831, 56591
List the prime factors of 48648902.
2, 3413, 7127
What are the prime factors of 12248168?
2, 1531021
List the prime factors of 161942096.
2, 2399, 4219
What are the prime factors of 46383093?
3, 29, 71, 2503
List the prime factors of 289677028.
2, 72419257
What are the prime factors of 2034910386?
2, 3, 37, 571, 5351
What are the prime factors of 64950789?
3, 21650263
What are the prime factors of 876833565?
3, 5, 17, 19, 137, 1321
List the prime factors of 889183926.
2, 3, 19, 37, 59, 397
List the prime factors of 528307179.
3, 19, 9268547
What are the prime factors of 471433795?
5, 7, 19, 708923
List the prime factors of 241111125.
3, 5, 107, 2003
List the prime factors of 4707270600.
2, 3, 5, 7845451
What are the prime factors of 898408337?
47, 389, 49139
List the prime factors of 201968042.
2, 3209, 31469
What are the prime factors of 308340520?
2, 5, 1367, 5639
List the prime factors of 2417858894.
2, 11, 10093, 10889
List the prime factors of 815937890.
2, 5, 6379, 12791
What are the prime factors of 413000740?
2, 5, 107, 192991
List the prime factors of 1649592390.
2, 3, 5, 54986413
What are the prime factors of 33190223?
11, 107, 163, 173
List the prime factors of 1992143559.
3, 7, 19, 149, 4787
List the prime factors of 2455274819.
1663, 1476413
What are the prime factors of 574041126?
2, 3, 67, 1427963
What are the prime factors of 551471083?
13043, 42281
List the prime factors of 29177151.
3, 17, 73, 461
List the prime factors of 827081124.
2, 3, 68923427
What are the prime factors of 1532420297?
401, 3821497
List the prime factors of 41849900.
2, 5, 29, 14431
List the prime factors of 32683228.
2, 8170807
What are the prime factors of 28480097?
28480097
List the prime factors of 2636352402.
2, 3, 3541, 124087
List the prime factors of 42075861.
3, 19, 738173
What are the prime factors of 20482327?
53, 223, 1733
What are the prime factors of 30179834?
2, 15089917
What are the prime factors of 358475552?
2, 73, 153457
What are the prime factors of 647234468?
2, 19, 547, 15569
List the prime factors of 5508923980.
2, 5, 7, 2221, 2531
What are the prime factors of 7819561203?
3, 2606520401
List the prime factors of 144690213.
3, 17, 2837063
What are the prime factors of 637649784?
2, 3, 53, 167099
List the prime factors of 241259287.
2087, 115601
What are the prime factors of 274323006?
2, 3, 29, 149, 3527
What are the prime factors of 159351759?
3, 7, 843131
List the prime factors of 1485043124.
2, 41, 9055141
What are the prime factors of 57890715?
3, 5, 3859381
What are the prime factors of 20124824?
2, 2515603
What are the prime factors of 42773401?
11, 73, 53267
List the prime factors of 229880040.
2, 3, 5, 13, 101, 1459
List the prime factors of 19671621.
3, 6557207
What are the prime factors of 6168779215?
5, 4733, 260671
What are the prime factors of 206125206?
2, 3, 7, 4907743
List the prime factors of 592177609.
17, 89, 391393
What are the prime factors of 1108321801?
1108321801
What are the prime factors of 369084489?
3, 123028163
List the prime factors of 253680783.
3, 17, 4974133
What are the prime factors of 40628624?
2, 2539289
What are the prime factors of 6406710476?
2, 8273, 193603
What are the prime factors of 89936951?
13, 43, 349, 461
What are the prime factors of 436863952?
2, 7, 821, 4751
List the prime factors of 667324555.
5, 19, 7024469
What are the prime factors of 87524968?
2, 317, 34513
What are the prime factors of 384347387?
384347387
What are the prime factors of 20511132?
2, 3, 1709261
What are the prime factors of 57665756?
2, 14416439
What are the prime factors of 2197243196?
2, 549310799
List the prime factors of 3478152313.
3478152313
List the prime factors of 131805688.
2, 7, 336239
List the prime factors of 368205684.
2, 3, 7, 11, 398491
List the prime factors of 1356048717.
3, 31, 14581169
List the prime factors of 1240671998.
2, 761, 815159
What are the prime factors of 446418617?
446418617
List the prime factors of 615054334.
2, 307527167
What are the prime factors of 103487863?
29, 139, 25673
List the prime factors of 92166864.
2, 3, 1920143
List the prime factors of 2058470720.
2, 5, 6432721
List the prime factors of 1237034569.
109, 11348941
What are the prime factors of 20912783?
20912783
What are the prime factors of 49162057?
7, 7023151
List the prime factors of 2656417722.
2, 3, 7, 17, 47, 79159
What are the prime factors of 515154224?
2, 13, 2476703
What are the prime factors of 66321680?
2, 5, 881, 941
List the prime factors of 404758063.
73, 5544631
What are the prime factors of 219972686?
2, 109986343
What are the prime factors of 7299008?
2, 59, 1933
List the prime factors of 173181924.
2, 3, 17, 282977
What are the prime factors of 677973332?
2, 113, 653, 2297
What are the prime factors of 12367722?
2, 3, 2061287
List the prime factors of 9956915.
5, 241, 8263
List the prime factors of 236900802.
2, 3, 39483467
What are the prime factors of 177893965?
5, 31, 37, 31019
List the prime factors of 38403177.
3, 1289, 9931
What are the prime factors of 705883247?
3583, 197009
What are the prime factors of 3136141906?
2, 41, 823, 46471
List the prime factors of 9453546.
2, 3, 103, 5099
List the prime factors of 29952271.
29952271
What are the prime factors of 6726384?
2, 3, 7, 6673
What are the prime factors of 1006302376?
2, 2729, 46093
What are the prime factors of 910884784?
2, 56930299
List the prime factors of 174671577.
3, 31, 626063
List the prime factors of 5674724759.
11, 2111, 244379
What are the prime factors of 1885054628?
2, 1873, 251609
What are the prime factors of 314221716?
2, 3, 8728381
What are the prime factors of 100012454?
2, 157, 233, 1367
List the prime factors of 457496434.
2, 179, 701, 1823
What are the prime factors of 671758134?
2, 3, 311, 599, 601
What are the prime factors of 20702546?
2, 61, 169693
List the prime factors of 204036426.
2, 3, 11, 37, 27851
List the prime factors of 436962948.
2, 3, 47, 774757
List the prime factors of 516830555.
5, 103366111
List the prime factors of 238854369.
3, 13, 17, 313, 1151
List the prime factors of 521899134.
2, 3, 37, 107, 127, 173
List the prime factors of 1646047886.
2, 7, 16796407
What are the prime factors of 7045099060?
2, 5, 31, 103, 110321
What are the prime factors of 269628527?
7, 193, 4073
List the prime factors of 513549269.
513549269
What are the prime factors of 3783268041?
3, 7, 9871, 18251
List the prime factors of 274389166.
2, 137194583
What are the prime factors of 1973098163?
1973098163
List the prime factors of 11353026.
2, 3, 1892171
List the prime factors of 1910370402.
2, 3, 106131689
List the prime factors of 1104760985.
5, 19, 37, 314299
What are the prime factors of 509715722?
2, 43, 5926927
What are the prime factors of 591957326?
2, 283,